{"id":168,"date":"2015-04-22T15:06:39","date_gmt":"2015-04-22T15:06:39","guid":{"rendered":"http:\/\/miroise.org\/GparADN\/?page_id=168"},"modified":"2015-04-23T22:43:09","modified_gmt":"2015-04-24T02:43:09","slug":"testsamerindiens","status":"publish","type":"page","link":"http:\/\/miroise.org\/GparADN\/testsamerindiens\/","title":{"rendered":"*Tests pouvant confirmer des origines am\u00e9rindiennes"},"content":{"rendered":"<p><b>Quels tests commander?<\/b><\/p>\n<p>\nUn g\u00e9n\u00e9alogiste \u00e9crit:<\/p>\n<p>\n<b><i><br \/>\n\u00a0\u00bbSelon les recherches g\u00e9n\u00e9alogiques documentaires que j&rsquo;ai compl\u00e9t\u00e9es jusqu&rsquo;ici, je poss\u00e8de des anc\u00eatres am\u00e9rindiens.  Ainsi, des femmes autochtones ont \u00e9t\u00e9 les conjointes d&rsquo;immigrants fran\u00e7ais et je suis leur descendant. Comment mettre en \u00e9vidence cet apport d&rsquo;ADN am\u00e9rindien? Quels tests me sugg\u00e9rez-vous de commander?\u00a0\u00bb<br \/>\n<\/i><\/b><\/p>\n<p>\nIl y a plusieurs possibilit\u00e9s de tests selon que, sur le plan documentaire,  l&rsquo;un ou l&rsquo;autre de ces anc\u00eatres (a) fait partie de votre matrilignage ou (b) de votre patrilignage, ou encore (c) n&rsquo;en fait pas partie.<\/p>\n<p>\n(A) Si votre anc\u00eatre am\u00e9rindien est en lign\u00e9e directe des m\u00e8res, \u00e0 savoir en matrilignage (lignage aussi d\u00e9sign\u00e9 par descendance ut\u00e9rine), un test portant sur votre ADN mitochondrial (ADN-mt) est tout indiqu\u00e9 et sera en mesure de v\u00e9rifier que votre matriarche \u00e9tait bien une am\u00e9rindienne. <\/p>\n<p>\nL&rsquo;ADN-mt est transmis de m\u00e8re en fils et en fille. Les filles, une fois m\u00e8res le transmettent \u00e0 leurs enfants.  Les hommes ne transmettent pas leur ADN-mt. Nous verrons plus loin qu&rsquo;ils transmettent plut\u00f4t leur chromosome Y.<\/p>\n<p>\nLe test command\u00e9 devra \u00eatre en mesure de d\u00e9terminer  l&rsquo;haplogroupe de votre ADN-mt.  C&rsquo;est en effet gr\u00e2ce aux mutations que votre ADN-mt contient qu&rsquo;il est possible de d\u00e9terminer son haplogroupe. Des recherches scientifiques ont pu \u00e9tablir quels haplogroupes sont am\u00e9rindiens, europ\u00e9ens ou asiatiques, &#038;c.<br \/>\nVoici les tests qui permettent \u00e0 un homme ou \u00e0 une femme de d\u00e9terminer l&rsquo;haplogroupe d&rsquo;appartenance de ses mitochondries:<\/p>\n<ol>\n<li>mtDNA Plus FTDNA (http:\/\/bit.ly\/NoW89i) (70$)\n<li>mtFullSequence  (http:\/\/bit.ly\/NoW89i)  (200$)\n<li>iGenea (Suisse) offre ces m\u00eames tests \u00e0  http:\/\/bit.ly\/1pSjhDX\n<\/ol>\n<p>\nSi vous \u00eates un homme, il existe des tests qui d\u00e9terminent \u00e0 la fois l&rsquo;haplogroupe de votre ADN-mt et celui de votre chromosome Y:<\/p>\n<ol>\n<li>23andMe http:\/\/bit.ly\/1uohNkC  ($200)\n<li>Geno2 ou Geno3 (http:\/\/bit.ly\/143lmi8) ($160)\n<li>La compagnie BritainsDNA \u00e0 http:\/\/bit.ly\/1pSj0Rr  offre plusieurs tests ADN-mt et ADN-Y.\n<\/ol>\n<p>\nAssurez-vous bien, avant de commander, que les r\u00e9sultats du test indiqueront l&rsquo;haplogroupe d&rsquo;appartenance.  Les tests command\u00e9s de certaines compagnies ne fournissent pas toujours l&rsquo;haplogroupe d&rsquo;appartenance. <\/p>\n<p>\nDes origines am\u00e9rindiennes de souche pr\u00e9colombienne (i.e. existantes en Am\u00e9rique avant sa *d\u00e9couverte* par Christophe Colomb) seront attest\u00e9es si votre ADN-mt appartient \u00e0 l&rsquo;un des haplogroupes suivants:  A2, B2, C1, D1, X2a  ou \u00e0 un de leurs sousclades qui sont des subdivisions. Le statut de l&rsquo;haplogroupe X2b demeure incertain.<\/p>\n<p>\nAttention! Le fait d&rsquo;appartenir \u00e0 l&rsquo;haplogroupe A, B, C, D n&rsquo;implique pas n\u00e9cessairement des origines am\u00e9rindiennes de souche. En effet, ces haplogroupes existent tous ailleurs dans le monde, en eurasie, en asie, en polyn\u00e9sie. Uniquement les sousclades A2, B2, C1, D1 sont consid\u00e9r\u00e9s de souche am\u00e9rindienne. Les X2b peuvent \u00eatre am\u00e9rindiens de souche mais il demeure impossible de les distinguer des X2b Europ\u00e9ens. <\/p>\n<p>\nLe Catalogue des Signatures Ancestrales valid\u00e9es \u00e0  www.signatures-ADN.org  contient quelques signatures ADN-mt am\u00e9rindiennes fondatrices.  Environ 5% des qu\u00e9b\u00e9cois de colonisation fran\u00e7aise sont porteurs de mitochondries am\u00e9rindiennes. <\/p>\n<p>\nSi votre g\u00e9n\u00e9alogie documentaire indique que votre matriarche en lign\u00e9e des m\u00e8res \u00e9tait une am\u00e9rindienne  mais que votre test ADN-mt ne se r\u00e9v\u00e8le pas am\u00e9rindien fondateur, diverses explications sont possibles:<\/p>\n<ol>\n<li>une erreur documentaire a pu se glisser dans votre g\u00e9n\u00e9alogie; il faut alors rigoureusement v\u00e9rifier toutes vos sources documentaires. Ne pas vous fier aux recherches faites par les autres internautes.\n<li>une discontinuit\u00e9 de transmission de l&rsquo;ADN-mt dans votre matrilignage due \u00e0 un *\u00e9v\u00e9nement non parental maternel* ou \u00c9NP(m). Dans le cas de l&rsquo;ADN-mt, un \u00c9NP(m) s&rsquo;introduit lors d&rsquo;une adoption ou lors d&rsquo;une assimilation silencieuse. Avez-vous \u00e9t\u00e9 adopt\u00e9(e)?  Une femme dans votre votre lign\u00e9e des m\u00e8res a-t-elle \u00e9t\u00e9 adopt\u00e9e?\n<li>votre matriarche pouvait \u00eatre une am\u00e9rindienne sur le plan culturel mais descendre d&rsquo;une m\u00e8re non am\u00e9rindienne de souche. Par ex., une fille ou femme d&rsquo;origine europ\u00e9enne a pu \u00eatre enlev\u00e9e par les am\u00e9rindiens et assimil\u00e9e.\n<\/ol>\n<p>(B) Si vous \u00eates un homme et que votre anc\u00eatre am\u00e9rindien \u00e9tait aussi un homme et que, par surcro\u00eet,  il fait partie de votre lign\u00e9e directe des p\u00e8res (lign\u00e9e aussi appel\u00e9e patrilignage: votre p\u00e8re, son p\u00e8re, et ainsi de suite en remontant dans le temps),  alors le test appropri\u00e9 est un test portant sur votre chromosome Y.  Seuls les hommes poss\u00e8dent un chromosome Y.  Ce chromosome est transmis de p\u00e8re en fils. Si vous \u00eates une femme, votre p\u00e8re, votre fr\u00e8re ou m\u00eame un cousin du c\u00f4t\u00e9 paternel pourra fournir le pr\u00e9l\u00e8vement de cellules qui servira au test ADN-Y.<\/p>\n<p>\nLes tests permettant de d\u00e9terminer l&rsquo;haplogroupe d&rsquo;un ADN-Y sont:<\/p>\n<ol>\n<li>Y-DNA12\/25\/37\/67\/111 FTDNA (de  $60 \u00e0 $340)\n<li>Big-Y FTDNA ($700)\n<li>Geno2 ou Geno3 (http:\/\/bit.ly\/143lmi8) ($160)\n<li>iGenea offre ces m\u00eames tests \u00e0  http:\/\/bit.ly\/1pSjhDX\n<li>La compagnie BritainsDNA \u00e0 http:\/\/bit.ly\/1pSj0Rr  offre plusieurs tests ADN-mt et ADN-Y.\n<\/ol>\n<p>\nAssurez-vous bien, avant de commander un test aupr\u00e8s d&rsquo;une compagnie autre que FTDNA,  que le r\u00e9sultat de ce test comprendra l&rsquo;haplogroupe d&rsquo;appartenance de votre ADN-Y. <\/p>\n<p>\n<b>Quels haplogroupes ADN-Y attestent d&rsquo;une origine am\u00e9rindienne de souche?<\/b><\/p>\n<p>\nUniquement les trois haplogroupes ADN-Y suivants apparaissent dor\u00e9navant clairement comme am\u00e9rindiens fondateurs:<\/p>\n<ol>\n<li>P-M45*\n<li>C-P39 C-M217  (ancien C-M130, et sousclades)\n<li>Q1a et plus en aval (Q-L53, Q-L54, Q-L55, Q-L213, Q-M3, Q-L804)\n<\/ol>\n<p>\nSi votre votre anc\u00eatre en patrilignage \u00e9tait am\u00e9rindien d&rsquo;apr\u00e8s la preuve documentaire mais que votre haplogroupe ADN-Y d&rsquo;appartenance ne ne trouve pas parmi ceux \u00e9num\u00e9r\u00e9s ci-haut, vous n&rsquo;\u00eates pas d&rsquo;ascendance am\u00e9rindienne de souche. <\/p>\n<p>Diverses explications sont possibles:<\/p>\n<ol>\n<li>une erreur documentaire dans votre g\u00e9n\u00e9alogie a pu se produire; il faut alors rigoureusement v\u00e9rifier vos sources documentaires.\n<li>une discontinuit\u00e9 de transmission de l&rsquo;ADN-Y dans votre patrilignage, un *\u00e9v\u00e9nement non parental paternel* ou \u00c9NP(p) s&rsquo;est produit. Dans le cas de l&rsquo;ADN-Y, un \u00c9NP(p) a pu s&rsquo;introduire lors d&rsquo;une adoption ou \u00e0 l&rsquo;occasion d&rsquo;une assimilation silencieuse. Il peut s&rsquo;agir de votre propre cas ou de celui d&rsquo;un des membres de votre lign\u00e9e des p\u00e8res,  telle que document\u00e9e.\n<li>votre patriarche pouvait \u00eatre un am\u00e9rindien sur le plan culturel mais descendre d&rsquo;un p\u00e8re non am\u00e9rindien de souche. De nombreux am\u00e9rindiens sont porteurs d&rsquo;un chromosome Y d&rsquo;origine europ\u00e9enne.\n<\/ol>\n<p>\nOn peut penser que tr\u00e8s peu de lign\u00e9es d&rsquo;hommes qu\u00e9b\u00e9cois (ou acadiens) poss\u00e8dent un chromosome Y d&rsquo;origine am\u00e9rindienne fondatrice. Ils ne repr\u00e9sentent qu&rsquo;un homme sur mille. La lign\u00e9e de Germain DOUCET II est la seule bien \u00e9tablie \u00e0 ce jour par l&rsquo;ADN. Voir le Catalogue des triangulations \u00e0 http:\/\/bit.ly\/1xuiHMs<\/p>\n<p>\n(C) Si les r\u00e9sultats ADN-mt ou ADN-Y ne r\u00e9v\u00e8lent pas des origines am\u00e9rindiennes fondatrices ni en matrilignage, ni en patrilignage,  il est toujours possible d&rsquo;examiner vos m\u00e9tissages am\u00e9rindiens par le biais de marqueurs AIM (Ancestry-informative marker). Les AIM sont des SNP qui montrent des diff\u00e9rences importantes dans la fr\u00e9quence des all\u00e8les entre diverses populations test\u00e9es.  Les motifs choisis sont trouv\u00e9s dans notre ADN des chromosomes 1 \u00e0 22 ou, facultativement,  du chromosome sexuel X.  Cet ADN est globalement appel\u00e9 *autosomique*. Certaines compagnies peuvent m\u00eame incorporer des motifs provenant de l&rsquo;ADN-mt ou ADN-Y.<\/p>\n<p>\nAinsi, une \u00e9quipe de chercheurs d\u00e9veloppe et valide une batterie compos\u00e9e de plusieurs centaines de marqueurs qui corr\u00e8lent significativement avec l&rsquo;appartenance \u00e0 une ethnie ou avec une origine g\u00e9ographique particuli\u00e8re. Les compagnies qui d\u00e9veloppent des tests utilisent ces instruments de partitionnement emprunt\u00e9s aux chercheurs. Dans le cas du Geno2,  plus de 75,000 AIM ont \u00e9t\u00e9 choisis couvrant plus de 450 populations mondiales. Ces r\u00e9f\u00e9rences \u00e9tant \u00e9tablies,  un programme d&rsquo;ordinateur permet ensuite de reconna\u00eetre la pr\u00e9sence de ces motifs discriminants dans l&rsquo;ADN autosomique d&rsquo;une personne qui aura \u00e9t\u00e9 test\u00e9e et de pond\u00e9rer ces motifs en fonction de leur importance. Ainsi sont obtenus des scores de m\u00e9tissage.<\/p>\n<p>\nLes tests omnibus couvrant au moins partiellement l&rsquo;ADN autosomique pr\u00e9voient des marqueurs *am\u00e9rindiens de souche*.  Leur validit\u00e9 repose cependant souvent sur des am\u00e9rindiens d&rsquo;Am\u00e9rique centrale ou du Sud. Il est aussi difficile de distinguer entre les marqueurs am\u00e9rindiens et ceux des asiatiques. <\/p>\n<p>\nLes tests les plus importants sont:<\/p>\n<ol>\n<li>23andMe (Ancestry composition) http:\/\/bit.ly\/1uohNkC  ($200)\n<li>Family Finder FTDNA  http:\/\/bit.ly\/1uohMgr  ($100)\n<li>Geno2 ou Geno3 (http:\/\/bit.ly\/143lmi8) ($160)\n<\/ol>\n<p>\nIl existe aussi des logiciels tiers qui analysent les r\u00e9sultats qui nous ont \u00e9t\u00e9 fournis par les compagnies de tests d&rsquo;ADN autosomique. Ces programmes utilisent leurs propres marqueurs pour d\u00e9crire nos m\u00e9tissages. <\/p>\n<p>\nPour en savoir davantage sur l&rsquo;analyse du m\u00e9tissage, consulter le Wiki de l&rsquo;ISOGG \u00e0 http:\/\/bit.ly\/1uoobZa  (cherchez *Admixture analyses*)<\/p>\n<p>\nLa Figure \u00e0 la fin de la pr\u00e9sente rubrique est un exemple de r\u00e9sultats de m\u00e9tissage pour un qu\u00e9b\u00e9cois de Sorel (Qu\u00e9bec) dont l&rsquo;oncle maternel est originaire de la r\u00e9serve Odanak (Pierreville, Qu\u00e9bec). Le test lui a permis de d\u00e9couvrir qu&rsquo;il poss\u00e9dait aussi des origines africaines assez r\u00e9centes.<\/p>\n<p>\n<b>Quel est le *meilleur* test?<\/b><br \/>\n<br \/>\nLe *meilleur* test est en fait celui qui permet \u00e0 la fois de conna\u00eetre:<\/p>\n<ol>\n<li>l&rsquo;haplogroupe de votre ADN mitochondrial de votre matrilignage;\n<li>l&rsquo;haplogroupe de votre ADN du chromosome Y de votre patrilignage;\n<li>d&rsquo;obtenir une repr\u00e9sentation de vos m\u00e9tissages.\n<\/ol>\n<p>\nDeux tests s&rsquo;y pr\u00eatent clairement:<\/p>\n<ul>\n<li>23andMe http:\/\/bit.ly\/1uohNkC  ($200)\n<li>Geno2 ou bient\u00f4t Geno3 (http:\/\/bit.ly\/143lmi8) ($160)\n<\/ul>\n<p>\nSi, par surcro\u00eet, vous \u00eates int\u00e9ress\u00e9(e) par vos susceptibilit\u00e9s de sant\u00e9, le cancer du sein, du colon et de la prostate, alors le test offert par 23andMe est tout indiqu\u00e9.  <\/p>\n<p>\n","protected":false},"excerpt":{"rendered":"<p>Quels tests commander? Un g\u00e9n\u00e9alogiste \u00e9crit: \u00a0\u00bbSelon les recherches g\u00e9n\u00e9alogiques documentaires que j&rsquo;ai compl\u00e9t\u00e9es jusqu&rsquo;ici, je poss\u00e8de des anc\u00eatres am\u00e9rindiens. Ainsi, des femmes autochtones ont \u00e9t\u00e9 les conjointes d&rsquo;immigrants fran\u00e7ais et je suis leur descendant. Comment mettre en \u00e9vidence cet apport d&rsquo;ADN am\u00e9rindien? Quels tests me sugg\u00e9rez-vous de commander?\u00a0\u00bb Il y a plusieurs possibilit\u00e9s de [&hellip;]<\/p>\n","protected":false},"author":1,"featured_media":0,"parent":0,"menu_order":0,"comment_status":"open","ping_status":"open","template":"","meta":[],"_links":{"self":[{"href":"http:\/\/miroise.org\/GparADN\/wp-json\/wp\/v2\/pages\/168"}],"collection":[{"href":"http:\/\/miroise.org\/GparADN\/wp-json\/wp\/v2\/pages"}],"about":[{"href":"http:\/\/miroise.org\/GparADN\/wp-json\/wp\/v2\/types\/page"}],"author":[{"embeddable":true,"href":"http:\/\/miroise.org\/GparADN\/wp-json\/wp\/v2\/users\/1"}],"replies":[{"embeddable":true,"href":"http:\/\/miroise.org\/GparADN\/wp-json\/wp\/v2\/comments?post=168"}],"version-history":[{"count":3,"href":"http:\/\/miroise.org\/GparADN\/wp-json\/wp\/v2\/pages\/168\/revisions"}],"predecessor-version":[{"id":226,"href":"http:\/\/miroise.org\/GparADN\/wp-json\/wp\/v2\/pages\/168\/revisions\/226"}],"wp:attachment":[{"href":"http:\/\/miroise.org\/GparADN\/wp-json\/wp\/v2\/media?parent=168"}],"curies":[{"name":"wp","href":"https:\/\/api.w.org\/{rel}","templated":true}]}}