{"id":4,"date":"2015-05-10T05:16:47","date_gmt":"2015-05-10T05:16:47","guid":{"rendered":"http:\/\/miroise.org\/mespages\/?page_id=4"},"modified":"2026-02-24T08:41:13","modified_gmt":"2026-02-24T13:41:13","slug":"4-2","status":"publish","type":"page","link":"http:\/\/miroise.org\/mespages\/","title":{"rendered":"Pr\u00e9sentation"},"content":{"rendered":"<p>J&rsquo;ai \u00e9t\u00e9 professeur \u00e0 l&rsquo;Universit\u00e9 de Sherbrooke (1967-1970), puis \u00e0 l&rsquo;Universit\u00e9 du Qu\u00e9bec \u00e0 Montr\u00e9al (UQAM) de 1970 \u00e0 2003. &nbsp;Je suis maintenant retrait\u00e9 comme professeur honoraire.<\/p>\n<p>Mes activit\u00e9s se centrent dor\u00e9navant sur la promotion de l&rsquo;utilisation de l&rsquo;ADN \u00e0 des fins de validation g\u00e9n\u00e9alogique. Je poursuis aussi mes \u00e9tudes sur la dominance agonistique.<\/p>\n<p>J&rsquo;esp\u00e8re que ma contribution de l&rsquo;ADN rendra la g\u00e9n\u00e9alogie plus rigoureuse et scientifique.<\/p>\n<p>Les g\u00e9n\u00e9alogies reposant uniquement sur les actes BMS (Bapt\u00eames, Mariages, S\u00e9pultures)&nbsp; sont des structures de descendance en grande partie fausses. En effet, il se produit en moyenne 1% de descendances \u00e0 chaque g\u00e9n\u00e9ration qui ne sont pas &nbsp;biologiquement les enfants de leurs deux parents culturels. Dans le jargon de la G\/ADN on les appelle des \u00c9NP pour \u00c9v\u00e9nements Non Parentaux.<\/p>\n<p>Il est maintenant &nbsp;possible gr\u00e2ce \u00e0 l&rsquo;ADN de valider certains lignages de nos g\u00e9n\u00e9alogies, en particulier la lign\u00e9e des p\u00e8res et des m\u00e8res et ceux qui ont des descendants cousins de la personne centrale de l&rsquo;arbre g\u00e9n\u00e9alogique (le ou la de-cujus).&nbsp; Non seulement nous validons ainsi en partie la documentation de notre g\u00e9n\u00e9alogie, mais nous contribuons \u00e0 l&rsquo;\u00e9tablissement d&rsquo;une base de signatures ancestrales des fondateurs et fondatrices de notre soci\u00e9t\u00e9 et de notre nation. &nbsp;On trouvera quelques signatures valid\u00e9es \u00e0 <a href=\"https:\/\/www.francogene.com\/triangulation\/index.php\">Catalogue de signatures ADN<\/a>.&nbsp; Ces signatures, une fois valid\u00e9es, servent de phares pour valider les descendances et parcours documentaires d&rsquo;autres g\u00e9n\u00e9alogies.<\/p>\n<p>En faisant tester notre ADN, nous contribuons \u00e0 l&rsquo;avancement des connaissances sur la phylogen\u00e8se de l&rsquo;ADN et sur nos m\u00e9tissages.<\/p>\n","protected":false},"excerpt":{"rendered":"<p>J&rsquo;ai \u00e9t\u00e9 professeur \u00e0 l&rsquo;Universit\u00e9 de Sherbrooke (1967-1970), puis \u00e0 l&rsquo;Universit\u00e9 du Qu\u00e9bec \u00e0 Montr\u00e9al (UQAM) de 1970 \u00e0 2003. &nbsp;Je suis maintenant retrait\u00e9 comme professeur honoraire. Mes activit\u00e9s se centrent dor\u00e9navant sur la promotion de l&rsquo;utilisation de l&rsquo;ADN \u00e0 des fins de validation g\u00e9n\u00e9alogique. Je poursuis aussi mes \u00e9tudes sur la dominance agonistique. J&rsquo;esp\u00e8re [&hellip;]<\/p>\n","protected":false},"author":1,"featured_media":0,"parent":0,"menu_order":0,"comment_status":"open","ping_status":"open","template":"","meta":[],"_links":{"self":[{"href":"http:\/\/miroise.org\/mespages\/index.php\/wp-json\/wp\/v2\/pages\/4"}],"collection":[{"href":"http:\/\/miroise.org\/mespages\/index.php\/wp-json\/wp\/v2\/pages"}],"about":[{"href":"http:\/\/miroise.org\/mespages\/index.php\/wp-json\/wp\/v2\/types\/page"}],"author":[{"embeddable":true,"href":"http:\/\/miroise.org\/mespages\/index.php\/wp-json\/wp\/v2\/users\/1"}],"replies":[{"embeddable":true,"href":"http:\/\/miroise.org\/mespages\/index.php\/wp-json\/wp\/v2\/comments?post=4"}],"version-history":[{"count":57,"href":"http:\/\/miroise.org\/mespages\/index.php\/wp-json\/wp\/v2\/pages\/4\/revisions"}],"predecessor-version":[{"id":454,"href":"http:\/\/miroise.org\/mespages\/index.php\/wp-json\/wp\/v2\/pages\/4\/revisions\/454"}],"wp:attachment":[{"href":"http:\/\/miroise.org\/mespages\/index.php\/wp-json\/wp\/v2\/media?parent=4"}],"curies":[{"name":"wp","href":"https:\/\/api.w.org\/{rel}","templated":true}]}}